 4)).
13
0 - (-7 - (-11 + 6) - 16)
18
What is the value of 43 + -26 + -14 + -1 + -7 + 5?
0
What is (3 + -11 + 16 - (5 + 0)) + 15?
18
-5 - (-5 + (-4 - -1) + (-3 - -1))
5
-13 - (2 - (11 - -6 - 5))
-3
What is (-1 - 12 - (-72 - -68)) + -11?
-20
What is (35 - 26) + -6 - (-7 + 6)?
4
What is the value of 10 + (7 - (6 - 0))?
11
Evaluate 10 + 0 - (7 + (1 - (9 + -4))).
7
What is -31 + 2 + 599 + -550?
20
What is 383 + -363 - (1 + 4)?
15
Calculate (-7 + (-10 - -12) - -6) + -12.
-11
Calculate 17 - 3 - (18 - -1).
-5
-14 + 529 + -515 + 0 + -24
-24
Calculate 8 + 1 + 44 + -60.
-7
Evaluate -2 + 2 + 3 + 0 - 7.
-4
Evaluate 11 - 4 - (12 + -19).
14
Calculate -3 + (107 - 89 - (2 - (0 + 2))).
15
What is -22 + 15 + -7 + 6?
-8
Calculate 2 + 0 + (-29 - (8 - 20)).
-15
What is 0 + 6 + -1 + 8?
13
(-11 + -3 + 15 - (2 + 1)) + 2
0
What is the value of -19 + (2 - -60 - 29)?
14
Evaluate -11 + 3 + -3 - (77 + -99).
11
Calculate -8 + 17 + -13 + (10 - (-2 - 6)).
14
3 - -19 - 21 - 12
-11
What is the value of -6 - ((-24 - -18) + 20)?
-20
-4 + (1 - (39 + -24))
-18
Calculate (-1 - 3) + (-2 - (11 - 15)).
-2
What is (-12 - 0 - -18) + -2 + 0 + -10?
-6
Calculate 2 - 3 - (-2 + 0) - (2 + 1).
-2
Evaluate -5 - (18 - 7 - 8).
-8
(-9 - -17) + -18 + 4 + 9
3
Evaluate -17 - ((16 - 17) + -7).
-9
What is 3 + -27 - (396 + -428)?
8
Calculate -1 - 25 - (-1838 + 1808).
4
What is the value of -41 + 15 + 17 - 1?
-10
Evaluate 30 + (-31 - -22) - 27.
-6
What is 3 + (-3 - (-17 + 21))?
-4
What is the value of -29 + (10 - -9 - 10)?
-20
What is the value of 73 + -64 - (7 - 1)?
3
What is 13 + -4 + (15 - 10) + -2?
12
-20 + -9 + -17 + 18
-28
What is -6 - -5 - 3 - -2 - (8 - 2)?
-8
Evaluate 14 - 8 - (6 - -14) - -6.
-8
What is the value of 347 - 330 - (1 + 17)?
-1
What is 8 + -2 - (-10 - (-8 + 0))?
8
-2 - -8 - (0 - (8 - 14))
0
-1 + (2 + 4 - 2) - -12 - 4
11
What is the value of (-7 - -8) + 10 - -5?
16
Calculate -2 + 4 + -5 + -21 + 23.
-1
0 + -32 - (20 - 22)
-30
2 - ((-23 + 65 - 32) + 1 + 9)
-18
What is -46 - ((-10 - -11) + -34)?
-13
Calculate -4 + 0 - 4 - (-2 - -5).
-11
What is the value of (-26 + 13 - 0) + (20 - -4)?
11
5 - (2 + (9 - 20 - -7) + 31)
-24
What is the value of 9 + (-15 - -2 - -2)?
-2
4 + -17 + 29 + -13 + -16 + 2
-11
0 + 20 + -23 - 9
-12
What is the value of -8 - (-1 - 0) - (-48 + 23 - -4)?
14
What is the value of (-37 + 20 - -4) + -1?
-14
Evaluate 6 + 6 + (-5 - 27) + (-5 - -9).
-16
What is -32 + 10 + (-5 + (7 - 0) - 7)?
-27
Evaluate (1 - 10) + -4 + 18 + (11 - 21).
-5
What is the value of (-4 - 0) + (-6 - -4) + 4?
-2
What is the value of (-5 - 39) + 34 - 11?
-21
What is the value of (17 - 8) + (-34 - -21) + 2 + -1?
-3
Calculate 18 + 1 + 323 + -315.
27
What is the value of 4 + -16 + 9 + (6 + 4 - -2)?
9
Evaluate 5 - -3 - (89 - 81).
0
100 + -109 - (4 + (3 - 7))
-9
What is the value of 1 - (1 + 1 + 4 + (-57 - -54))?
-2
What is 6 - (-12 - -3 - (-2 - 19))?
-6
What is -10 - (-9 - (0 - 3))?
-4
Evaluate 2 + (-8 - 7 - 9 - -16).
-6
What is the value of (-7 + 4 - -4) + (2 - -3) + -2?
4
Calculate (-26 - -15) + (2 + 7 - -5).
3
What is the value of 8 + (-10 - -7) + (30 - 18)?
17
What is the value of -43 - -48 - (13 - 2)?
-6
Evaluate 18 + -4 + 2 + -10 + 22.
28
-33 - (-28 - (-19 - -30))
6
-22 + 65 + -38 + -3
2
Calculate 1 + -5 + (0 - -5 - 6 - -9).
4
What is the value of (1 - 9) + 3 + -26 + 11?
-20
Evaluate -18 + -29 + (45 - -13).
11
What is the value of (-38 - 1) + 17 + 33 + -45?
-34
What is the value of 6 - (-8 - -14) - (50 - 15)?
-35
What is 13 + (-12 + 37 - 28)?
10
28 - (-33 + (49 - 15))
27
(-6 + 7 + -12 - -19) + 7
15
What is -7 - ((-4 - -2) + -24)?
19
What is 3 + 4 - 16 - (-23 - 5 - -4)?
15
-1 + 34 + -29 + 13
17
Evaluate 4 + 0 - 12 - (-6 + 4).
-6
Calculate -26 - (-7 + -5) - 2.
-16
Calculate -12 - 0 - (395 - 410).
3
What is the value of 8 + (22 - (-5 + 33))?
2
Calculate (-10 - 4) + (11 - -2 - -4).
3
What is the value of 10 - (-7 + 16) - 11?
-10
Calculate (-5 + -11 - -11) + -21 + 5.
-21
Calculate -22 + -6 - -38 - -1.
11
What is the value of (7 - 0) + 18 + (-20 - -27) + -6?
26
What is 10 + -10 - 6 - (-3 - 1 - 3)?
1
What is 3 - (-12 - (-4 - 6 - -5))?
10
What is the value of (-4 - -19) + -4 - 27?
-16
What is (1 - -1) + (-128 - -135)?
9
What is the value of (2 - -51) + -69 + 61 + -10?
35
-3 + (8 - (-11 - (-8 - -11) - 0))
19
What is 34 + (-8 - (5 + -19) - 11) + -2?
27
Evaluate (-5 - -1) + -2 + (0 - (11 - 7)).
-10
Calculate -10 - ((-15 - -10) + 10 + 2).
-17
What is (-1 - 2) + -17 + 15 + -8 - -1?
-12
Calculate 3 + (84 - 93) + 20 + 1.
15
What is 14 + -33 + 24 + -9?
-4
Calculate -8 - (0 + 8 + (20 - 27 - -5)).
-14
What is -2 + (2 - -7 - 14) + 0?
-7
Calculate 5 + -12 + (2 - (-34 - 2)) - -2.
33
2 - (1 - -3 - (6 - -29))
33
0 + (-13 - 4) + 3 + (9 - 6)
-11
(-67 - -4) + 15 + 25
-23
What is -8 + 12 - (10 + -6)?
0
What is -44 + (-5 - -27) + 5?
-17
(-28 - (-13 + 10)) + (10 - 0)
-15
What is 7 + 0 - (159 - 158) - (-2 - -12)?
-4
Evaluate 3 + 32 + -16 + -7.
12
-6 - ((-2 - 1) + 8 + 1)
-12
Calculate -1 + -8 + (74 - 82).
-17
-8 - (1 - (-8 - -4) - (-2 + 0))
-15
-3 + (51 - 46) + 6
8
What is the value of -6 - ((8 - 21) + -4)?
11
What is the value of 0 + -10 + 6 + -2 + 3 + -7?
-10
What is 5 + -2 + -4 - (22 + -26) - 4?
-1
Evaluate 10 + (5 - 5) - 11.
-1
Evaluate 6 - (6 + (8 - 7)) - 3.
-4
35 + -17 + 14 - 18
14
What is 5 + -9 + 0 - (12 - -3)?
-19
5 - ((0 - -1) + (3 - (15 - -1)))
17
What is the value of -5 + 3 + 14 + 3 + -9?
6
Evaluate 25 + (-31 - -12) + -1.
5
(-18 - (-14 - -12)) + 5
-11
Evaluate (15 - 0) + 77 + -89.
3
What is (12 - 9) + -4 - -22 - 13?
8
(564 - 574) + 0 + 2
-8
-7 + 12 + 5 + 1 + -2 + 9
18
-23 - (-12 - (6 - 8) - (-5 + 6))
-12
Calculate -1 + 14 - (-18 + 6 + -6).
31
-1 + 3 + 3 + -5 + -11 - 2
-13
What is the value of 3 - 6 - (-8 + -2)?
7
Calculate (4 - 11) + 5 + 1 + 2.
1
Evaluate -12 + 2 + (-2 - (7 - (13 - 9))).
-15
-11 + 18 - 33 - ((8 - -11) + -11)
-34
Evaluate 10 + -3 + (-39 - (-7 - -7)) + -1.
-33
Calculate -7 + 0 - (28 + 29 + -64).
0
What is (-1 - 37) + (144 - 114)?
-8
Evaluate 1 - 5 - (6 + -4 - (-9 - -3)).
-12
What is (15 - 35) + 12 + 0 + 23?
15
What is the value of -12 - -4 - (4 - (9 - (-1 - -8)))?
-10
Calculate (25 - 7 - 10) + (14 - (-1 + 0)).
23
Evaluate -74 - -71 - (5 - (-1 - 6)).
-15
What is (6 - -4 - 18) + 5 - -9?
6
Evaluate 8 + 8 + (1 - -1) - (-585 + 575).
28
What is the value of (-46 - (11 + -55)) + (1 - -14)?
13
What is (-3 - -4) + (-5 - (-7 - (-10 - -4)))?
-3
Calculate 1 - -5 - (9 - (12 - 8)).
1
What is -19 + -4 + (92 - 94)?
-25
Calculate 1063 + -1067 + 1 + 20.
17
Calculate (16 - (18 + -16)) + -18.
-4
What is -3 + -1 - ((3 - (10 + -2)) + 11)?
-10
Calculate (-9 - (-28 - (-8 + 1))) + (3 - -5).
20
Calculate 3 + 3 + 5 + 7 + 8.
26
What is -13 + (-16 - (2 - -1) - -13)?
-19
What is the value of 0 + -10 + 2 + 327 + -317 - 1?
1
What is the value of -24 - -21 - -12 - (-8 + 39)?
-22
Calculate -10 + -9 + 1 + 5 + (43 - 56).
-26
What is -5 + ((-7 - -4) + (4 - 2) - 6)?
-12
What is the value of (-21 + 36 - (-5 - -12)) + -1 + 16?
23
-23 - (-26 - (-21 + 6))
-12
What is (-17 - -54) + -16 + -12?
9
What is the value of 7 + -11 + 6 + -1 + (-3 - -4)?
2
(-20 - -6) + 23 + -10
-1
What is the value of -38 + (2 + -10 - 2 - -11 - -1)?
-36
(8 - 14) + (0 - -4) + 5 + -13
-10
What is -10 + 2 + (30 - (9 + 4) - 11)?
-2
Calculate -6 + 15 + -10 + 14 - 21.
-8
(-15 - -6) + -5 + (6 - (-1 + 12))
-19
0 + (-16 - (5 - 7)) - -4
-10
(-1 - -1 - 23) + -201 + 204
-20
Calculate 10 + (-32 - -23 - (-1 + 3)) + 4.
3
Calculate 4 - (20 - (19 - 8)) - (-19 + 1).
13
Evaluate (0 - 2) + -5 + -6 + 9 + -3.
-7
What is 17 + (34 - 18) + -9 + -32?
-8
Evaluate 3 + (-8 - 2) + 15 + -7.
1
Calculate -8 + (3 - -11) + (-2 - 11).
-7
What is (7 + -16 + 20 - 5) + -2 - -5?
9
Calculate 20 - (-6 - (-23 - -10)) - 24.
-11
What is the value of -2 + (5 - -2 - 2) + 1?
4
What is the value of (13 - 7 - 2) + (-2 - 9)?
-7
What is (-20 - -11) + -15 - (-1 + -5 + 1)?
-19
Evaluate 0 + 11 + 16 + -7 + 1.
21
What is 2 + -1 - (-37 - -43) - -18?
13
(-25 - (-19 - -9)) + -14 + 59
30
What is the value of -7 - (2 + 3 + -9) - 4?
-7
What is -34 - ((-23 - 10) + 20)?
-21
What is -127 + 135 + (-32 - -3)?
-21
(-17 - -32) + -5 + 1 + 1 + 4
16
18 + -63 - (4 - 31)
-18
What is the value of 170 + -157 + (-1 - 13) + 4?
3
8 + (34 - 18) + -15
9
What is (2 - 4 - -3 - (-8 + -3)) + 2?
14
69 - 62 - (-4 - 1)
12
What is the value of -11 + -5 + 14 